6 - -6. Let j be z(g). What are the prime factors of 1/3 - 56/j?
5
Let n be ((-2)/(-3))/((-2)/3). Suppose -9*b - 9 = -12*b. What are the prime factors of 9/b + 1 + n?
3
Let j(l) = -l**3 - 6*l**2 + 13*l + 10. Let x be j(-8). Let i = -18 + x. What are the prime factors of i?
2
Let o be ((-5)/(-4))/(2/8). Let h be (-39)/(-6) - 1/(-2). Suppose 0 = 2*f - h - o. What are the prime factors of f?
2, 3
List the prime factors of (-7)/((-21)/54)*112/12.
2, 3, 7
Let a = -103 - -361. List the prime factors of a.
2, 3, 43
Let w(l) = 3*l + 6. Let v be w(10). Let j = v - 22. What are the prime factors of j?
2, 7
Let a be 5*(1 + -2)*1. Let g = a - -9. List the prime factors of g.
2
Suppose t + 0*t + 64 = -2*x, -5*t = -4*x - 100. Let k = x - -42. What are the prime factors of k?
2, 3
Let r be ((-1)/2)/(1/4). List the prime factors of (r/4)/1*-4.
2
List the prime factors of (50/12)/(5/30).
5
Let a = -4 + 7. Suppose 3*b - 5*x + 2*x = 15, 9 = a*b - x. List the prime factors of b.
2
Let k(d) be the first derivative of -1 + 3/2*d**2 - 3*d. What are the prime factors of k(4)?
3
Let q be -2*1 - (-3 - -3). Let r = q + 7. What are the prime factors of r?
5
Suppose -5*i + 3*t = -10, 5*i = -2*t + 39 - 4. Suppose s + 0*z = 5*z + 21, -i*s + 83 = -3*z. What are the prime factors of s?
2
Let b = -222 - -342. What are the prime factors of b?
2, 3, 5
Let v = 1 + -2. Let t = v - -35. List the prime factors of t.
2, 17
Let d be ((-1)/(-3))/((-1)/3). Let b(v) = 5*v**3 + v**2 - v - 1. Let x be b(d). Let f(o) = o**2 + 5*o + 6. List the prime factors of f(x).
2
What are the prime factors of (-1734)/(-9) + 1/(-3)*2?
2, 3
Let r(d) = d - 2. Let x be r(0). Let m = x + 0. List the prime factors of 12 - 0 - m - 1.
13
Suppose 9 = -m - 2*m, 0 = 5*w - 5*m - 520. What are the prime factors of w?
101
Let h = -309 + 600. List the prime factors of h.
3, 97
Let w(d) be the second derivative of -d**5/20 + d**3/6 + 11*d**2/2 - 4*d. Suppose -4 = y + 2*r, -2*y + 0*r - 3*r = 6. List the prime factors of w(y).
11
Suppose 3*p + 77 = 32. Let t be 6/p - (-22)/5. Suppose v = t*v - 15. What are the prime factors of v?
5
Suppose 2*p - 272 = -2*k - 8, 3*k - 2*p = 391. List the prime factors of k.
131
Suppose 6*p - 3*p + 3*g = -24, 3*p - 5*g + 8 = 0. Let a = 4 - -1. Let r = a - p. What are the prime factors of r?
11
Let j(g) = -g**3 + 2. Let f be j(0). What are the prime factors of 3/f*64/6?
2
What are the prime factors of ((-34)/(-51))/((-1)/(-42))?
2, 7
Suppose 0 = -b - 4*b + 15. Suppose 0 = b*f - 14 + 2. Suppose f*n - 32 = 8. What are the prime factors of n?
2, 5
Let m(n) = 5*n**3 + n**2 - n. Let s be m(1). Suppose k - i + 56 = 4*k, -2*k + 33 = s*i. List the prime factors of k.
19
Suppose 5*x - 2*c + 23 = 0, -x - 3*c - 7 = -c. Let o = x - -7. Suppose 0 = -3*y - 4*u + 14, u = -3*y - o*u + 15. What are the prime factors of y?
2, 3
Suppose 14 = 5*j - 1. What are the prime factors of j?
3
Let g(t) = 2*t**3 + 4*t**2 - 4*t + 1. What are the prime factors of g(4)?
3, 59
Suppose -2*c = -4*c. Suppose -30 = -2*d - 3*d. Suppose c = s + 2*s - d. List the prime factors of s.
2
Let d(o) = o**2 + o - 3. Let q be (-22 - -1)/(4 - 5). Suppose q = a - 4*t + 4, -t = 2*a + 11. List the prime factors of d(a).
3
Let d be 1/(-1 - (-8)/6). Suppose -a = -3 - d. List the prime factors of a.
2, 3
Suppose -8*u + 349 = 37. What are the prime factors of u?
3, 13
Let z = 57 + -49. List the prime factors of z.
2
Suppose -1 = q + 11. Let o = 4 - q. What are the prime factors of o?
2
Let a(x) = -18*x - 1. Let s be (3*(-4)/(-6))/(-2). List the prime factors of a(s).
17
Let f = -10 + -1. Suppose 0*s + 2*s - 42 = 0. Let r = s + f. List the prime factors of r.
2, 5
Let t be 1 - (-2 + 2) - 0. Let g be -46*((-3)/(-3))/t. Let q = -28 - g. List the prime factors of q.
2, 3
What are the prime factors of 30 + (5 - (-2 + 5))?
2
Let r be (-5 + 5)/(2 + -1). Suppose -2*p = -r*a - 3*a + 87, 33 = a - 2*p. Suppose -2*b + a + 1 = 4*z, -z = -5*b + 26. What are the prime factors of b?
2, 3
Let b(j) = 0*j**3 - 5*j**3 + 3*j**3. Let c be b(-1). Suppose 4*a - 1 = c*l + 17, -2*a + 2*l = -14. List the prime factors of a.
2
Let m(i) = 2*i**3 - 5*i**2 + 5*i - 1. What are the prime factors of m(4)?
67
Let b(f) = f**3 + 5*f**2 - 6*f + 1. Let m be b(-6). Suppose -y + 10 = m. List the prime factors of y.
3
Let v(u) = 2*u + 24. Let z be v(0). List the prime factors of (1 + -3 - -1) + z.
23
Let p(a) = -30*a - 7. List the prime factors of p(-4).
113
Suppose -4*v - 8 = 4*c - 0, -6 = -5*v + 3*c. Suppose -4*x + 4*i + 4 = v, 5*x - 11 = 3*i - 0*i. Let a(s) = s**2 - 2*s. List the prime factors of a(x).
2
Let g(v) = 7*v**2 - 1. List the prime factors of g(-1).
2, 3
Let g = -268 - -680. List the prime factors of g.
2, 103
Let m(l) be the second derivative of 1/12*l**4 + 1/3*l**3 + 0 - 2*l - 2*l**2. List the prime factors of m(-5).
11
Let a(f) = f**2 + 6*f - 3. Let v be a(-7). Suppose 0 = 5*o - v*t + 18 - 64, t - 1 = 0. What are the prime factors of 2/5 + 96/o?
2, 5
Let q(d) = 2*d**2 + 2. Let l be q(-2). Suppose 4*b + b - l = 0. What are the prime factors of b/(-2) - (-8)/1?
7
Suppose -v - 6 = -23. Let u = v - 24. List the prime factors of ((-2)/(-1))/(u/(-49)).
2, 7
Let v be 8/16 + 218/4. Suppose 19 = -4*r + v. List the prime factors of r.
3
Suppose 0 = -4*v - m - 34 + 144, 0 = 2*v - 4*m - 64. List the prime factors of v.
2, 7
Suppose 0 = -8*b + 4*b + 264. Suppose -q + 32 = 2*l - 1, 5*l + b = 3*q. List the prime factors of q.
3
Let g(u) = -u + 12. Let j be g(0). Suppose o + j = 5*o. List the prime factors of o.
3
Let g(o) = 33*o**3 - o**2 - o + 1. Let k be g(1). Suppose h + 5*z - 41 = 0, h - 3 = z + k. What are the prime factors of h?
2, 3
Let h = 8 - 5. Suppose 99 = 3*q - h*a, -3*a - a - 101 = -3*q. What are the prime factors of q?
31
Suppose 6 = 2*o + 2. Suppose 4*z = -8, -o*z - z = -3*g + 36. List the prime factors of g.
2, 5
Let s(c) = c**2 - c + 33. Let w be s(0). Suppose 4*j - 65 = 3*p, p - 2*p - w = -2*j. List the prime factors of j.
17
Suppose -z = -0*z. Let v(l) = l + 3. Let q be v(z). Suppose k - 36 = -q*k. What are the prime factors of k?
3
Let k(d) = -d**2 + 8*d + 5. Let z(o) = o. Let x be z(5). What are the prime factors of k(x)?
2, 5
Suppose 3 + 5 = l + 2*o, 2*l = -5*o + 18. Let h = 21 + l. What are the prime factors of h?
5
Let o(y) = y**3 + y**2 + 3*y + 1. Let a be o(-2). Let d be -16*(1 + a/6). Let z = d + -6. List the prime factors of z.
2
Let g = 10 + -5. Suppose -g*y + 19 = -4*z + 6*z, -3*y = -5*z + 1. What are the prime factors of z?
2
Let t = -3 + 5. Suppose p + t*x - 4 = 3*x, 5*x = 4*p - 16. List the prime factors of p.
2
Suppose -7*y + 3*y = -16. Suppose -3*s + 7 = -v, -y*s = v - s - 17. List the prime factors of v.
5
Suppose 3*l = 5*u - 367, 3*l - 6 = -3. What are the prime factors of u?
2, 37
Let q(h) be the second derivative of h**4/12 + 3*h**3/2 - 5*h**2 - h. Let w be q(-7). Let j = -12 - w. What are the prime factors of j?
2, 3
Suppose -5*w - 32 = -z - 90, -2*w + 22 = -z. Suppose -4*n = -p - 9, 5*p - w = p. Let u(d) = d + 2. What are the prime factors of u(n)?
5
Let t = 71 - -17. Let d = 136 - t. What are the prime factors of d?
2, 3
List the prime factors of (-3)/(6/(-50)) - 3.
2, 11
What are the prime factors of (33 + -6)*(-3)/(-1)?
3
Let k(z) be the second derivative of z**7/1260 + z**6/240 - z**4/6 - 4*z. Let w(t) be the third derivative of k(t). What are the prime factors of w(-3)?
3
Let n(y) = -y**2 + 23*y - 9. What are the prime factors of n(15)?
3, 37
Let h(q) = -q**3 + 8*q**2 + 11*q + 7. Suppose 13 = m + 4. Let z be h(m). Suppose 2*c - 2*s - 30 = 0, 2*c + 2*s - z = -c. List the prime factors of c.
11
Let r be 0/(0 - (-2 + 0)). Suppose -3*q - q = r. Suppose q = t - 3*o + 3, 2*t = -0*t + o + 9. What are the prime factors of t?
2, 3
Let o = 9 - 10. Let b(n) = -n**3 - 2*n**2 + 1. Let w be b(o). Suppose w = -4*v + 100 - 20. What are the prime factors of v?
2, 5
Suppose -5*n - q + 803 = -840, 4*n + 5*q = 1306. What are the prime factors of n?
7, 47
Let d(o) = -5*o - 1. Let l be d(-1). Suppose -l*c = -a + 39, a + 123 = 6*a - 2*c. List the prime factors of a.
23
What are the prime factors of 170 - 2 - 5/35*0?
2, 3, 7
Suppose 4*h + 2*d = 6, 0 = -0*d + 2*d + 6. Suppose h*f - o = -12, -5*f - 2*o - 9 = -0*o. Let r = -1 - f. List the prime factors of r.
2